{"id":206,"date":"2022-06-06T17:20:46","date_gmt":"2022-06-06T15:20:46","guid":{"rendered":"http:\/\/auchevrondor.fr\/?page_id=206"},"modified":"2022-09-10T11:03:17","modified_gmt":"2022-09-10T09:03:17","slug":"accueil","status":"publish","type":"page","link":"https:\/\/auchevrondor.fr\/","title":{"rendered":"Page d&rsquo;accueil"},"content":{"rendered":"\n<div class=\"wp-block-cover is-light\"><span aria-hidden=\"true\" class=\"wp-block-cover__background has-white-background-color has-background-dim-0 has-background-dim\"><\/span><img loading=\"lazy\" decoding=\"async\" width=\"1920\" height=\"1080\" class=\"wp-block-cover__image-background wp-image-225\" alt=\"\" src=\"https:\/\/auchevrondor.fr\/wp-content\/uploads\/2022\/06\/cropped-cropped-chevalier2-1-413x1024-2.png\" style=\"object-position:50% 0%\" data-object-fit=\"cover\" data-object-position=\"50% 0%\" srcset=\"https:\/\/auchevrondor.fr\/wp-content\/uploads\/2022\/06\/cropped-cropped-chevalier2-1-413x1024-2.png 1920w, https:\/\/auchevrondor.fr\/wp-content\/uploads\/2022\/06\/cropped-cropped-chevalier2-1-413x1024-2-300x169.png 300w, https:\/\/auchevrondor.fr\/wp-content\/uploads\/2022\/06\/cropped-cropped-chevalier2-1-413x1024-2-1024x576.png 1024w, https:\/\/auchevrondor.fr\/wp-content\/uploads\/2022\/06\/cropped-cropped-chevalier2-1-413x1024-2-768x432.png 768w, https:\/\/auchevrondor.fr\/wp-content\/uploads\/2022\/06\/cropped-cropped-chevalier2-1-413x1024-2-1536x864.png 1536w, https:\/\/auchevrondor.fr\/wp-content\/uploads\/2022\/06\/cropped-cropped-chevalier2-1-413x1024-2-1070x602.png 1070w\" sizes=\"auto, (max-width: 1920px) 100vw, 1920px\" \/><div class=\"wp-block-cover__inner-container is-layout-flow wp-block-cover-is-layout-flow\">\n<h1 class=\"has-text-align-center has-luminous-vivid-amber-color has-text-color\" style=\"font-size: 5em;\">Au Chevron d&rsquo;Or<\/h1>\n<\/div><\/div>\n\n\n\n<p style=\"font-size: 1.1em; font-family: 'Dancing Script', sans-serif; font-style: normal;\">\u00ab\u00a0Le Chevron est compos\u00e9 de deux bandes plates, appom\u00e9es par la t\u00eate; il est l&#8217;embl\u00e8me de la protection et de la conservation\u2026 Il est le symbole de la confiance et de la fermet\u00e9; c&rsquo;est pourquoi le chevron est compt\u00e9 parmi les pi\u00e8ces honorables.\u00a0\u00bb Trait\u00e9 historique et moral du blason de J.B. Dupuy Demfortes.1754.<\/p>\n\n\n\n<\/br>\n\n\n\n<p><\/p>\n\n\n\n<p><em>Osez le luxe, choisissez l&rsquo;unique !<\/em><\/p>\n\n\n\n<p class=\"has-text-align-center\">Bienvenue \u00e0 l&rsquo;atelier du Chevron d&rsquo;Or! Depuis 10 ans je r\u00e9alise des cr\u00e9ations de peinture sur porcelaine pour r\u00e9pondre au mieux \u00e0 vos envies et vous satisfaire par mon travail. Tout est peint \u00e0 la main sur des porcelaines de Limoges. Cette passion m&rsquo;est venue suite \u00e0 un cadeau de mariage o\u00f9 j&rsquo;ai re\u00e7u un plat de porcelaine personnalis\u00e9. Sur ce site vous pouvez d\u00e9couvrir mes cr\u00e9ations et en apprendre plus sur mon travail. <\/p>\n\n\n\n<p>Les tarifs sont \u00e0 titre indicatif et varient suivant la complexit\u00e9 des motifs et des supports de porcelaine. <\/p>\n\n\n\n<div class=\"wp-block-columns is-layout-flex wp-container-core-columns-is-layout-9d6595d7 wp-block-columns-is-layout-flex\">\n<div class=\"wp-block-column is-layout-flow wp-block-column-is-layout-flow\" style=\"flex-basis:100%\">\n<div class=\"wp-block-group\"><div class=\"wp-block-group__inner-container is-layout-flow wp-block-group-is-layout-flow\">\n<div class=\"wp-block-group is-content-justification-left is-nowrap is-layout-flex wp-container-core-group-is-layout-f56a869c wp-block-group-is-layout-flex\">\n<div class=\"wp-block-columns is-layout-flex wp-container-core-columns-is-layout-9d6595d7 wp-block-columns-is-layout-flex\">\n<div class=\"wp-block-column is-layout-flow wp-block-column-is-layout-flow\" style=\"flex-basis:50%\">\n<div class=\"wp-block-group\"><div class=\"wp-block-group__inner-container is-layout-flow wp-block-group-is-layout-flow\"><div class=\"wp-block-image is-style-default\">\n<figure class=\"aligncenter size-medium is-resized\"><img loading=\"lazy\" decoding=\"async\" src=\"https:\/\/auchevrondor.fr\/wp-content\/uploads\/2022\/01\/20201002_133757-1-300x221.jpg\" alt=\"\" class=\"wp-image-94\" width=\"500\" height=\"368\" srcset=\"https:\/\/auchevrondor.fr\/wp-content\/uploads\/2022\/01\/20201002_133757-1-300x221.jpg 300w, https:\/\/auchevrondor.fr\/wp-content\/uploads\/2022\/01\/20201002_133757-1-1024x755.jpg 1024w, https:\/\/auchevrondor.fr\/wp-content\/uploads\/2022\/01\/20201002_133757-1-768x566.jpg 768w, https:\/\/auchevrondor.fr\/wp-content\/uploads\/2022\/01\/20201002_133757-1-1536x1132.jpg 1536w, https:\/\/auchevrondor.fr\/wp-content\/uploads\/2022\/01\/20201002_133757-1-2048x1509.jpg 2048w, https:\/\/auchevrondor.fr\/wp-content\/uploads\/2022\/01\/20201002_133757-1-1568x1156.jpg 1568w\" sizes=\"auto, (max-width: 500px) 100vw, 500px\" \/><\/figure>\n<\/div><\/div><\/div>\n<\/div>\n\n\n\n<div class=\"wp-block-column is-layout-flow wp-block-column-is-layout-flow\" style=\"flex-basis:50%\">\n<p><strong>H\u00e9raldique<\/strong><\/p>\n\n\n\n<div class=\"wp-block-group\"><div class=\"wp-block-group__inner-container is-layout-flow wp-block-group-is-layout-flow\">\n<p>Personnalisez vos services de table avec vos armoiries familiales. C&rsquo;est une excellente id\u00e9e de cadeau \u00e0 (s&rsquo;)offrir pour des mariages, anniversaires, f\u00eates familiales. <\/p>\n\n\n\n<p>R\u00e9alisation en monochrome ou polychrome.<\/p>\n\n\n\n<p>A partir de 80\u20ac pour une r\u00e9alisation et \u00e0 partir de 400\u20ac pour un service de 12 assiettes. <\/p>\n<\/div><\/div>\n<\/div>\n<\/div>\n<\/div>\n<\/div><\/div>\n<\/div>\n<\/div>\n\n\n\n<div class=\"wp-block-columns is-layout-flex wp-container-core-columns-is-layout-9d6595d7 wp-block-columns-is-layout-flex\">\n<div class=\"wp-block-column is-vertically-aligned-center is-layout-flow wp-block-column-is-layout-flow\" style=\"flex-basis:50%\">\n<p class=\"has-text-align-left\"><strong>Couronnes<\/strong><\/p>\n\n\n\n<p class=\"has-text-align-left\">Reproduisez votre couronne (ducale, marquis, comte, vicomte, baron, \u00e9cuyer) sur tous support de porcelaine.<\/p>\n\n\n\n<p class=\"has-text-align-left\">A partir de 40\u20ac pour un vide poche et de 80\u20ac pour un plat<\/p>\n<\/div>\n\n\n\n<div class=\"wp-block-column is-vertically-aligned-center is-layout-flow wp-block-column-is-layout-flow\" style=\"flex-basis:50%\">\n<div class=\"wp-block-group\"><div class=\"wp-block-group__inner-container is-layout-flow wp-block-group-is-layout-flow\">\n<div class=\"wp-block-columns is-layout-flex wp-container-core-columns-is-layout-9d6595d7 wp-block-columns-is-layout-flex\">\n<div class=\"wp-block-column is-vertically-aligned-top is-layout-flow wp-block-column-is-layout-flow\" style=\"flex-basis:50%\"><div class=\"wp-block-image\">\n<figure class=\"alignright size-large is-resized\"><img loading=\"lazy\" decoding=\"async\" src=\"https:\/\/auchevrondor.fr\/wp-content\/uploads\/2022\/01\/IMG_20210224_193033_529-1-scaled-e1657471667272-1024x751.jpg\" alt=\"\" class=\"wp-image-84\" width=\"512\" height=\"376\" srcset=\"https:\/\/auchevrondor.fr\/wp-content\/uploads\/2022\/01\/IMG_20210224_193033_529-1-scaled-e1657471667272-1024x751.jpg 1024w, https:\/\/auchevrondor.fr\/wp-content\/uploads\/2022\/01\/IMG_20210224_193033_529-1-scaled-e1657471667272-300x220.jpg 300w, https:\/\/auchevrondor.fr\/wp-content\/uploads\/2022\/01\/IMG_20210224_193033_529-1-scaled-e1657471667272-768x563.jpg 768w, https:\/\/auchevrondor.fr\/wp-content\/uploads\/2022\/01\/IMG_20210224_193033_529-1-scaled-e1657471667272-1536x1126.jpg 1536w, https:\/\/auchevrondor.fr\/wp-content\/uploads\/2022\/01\/IMG_20210224_193033_529-1-scaled-e1657471667272-2048x1501.jpg 2048w, https:\/\/auchevrondor.fr\/wp-content\/uploads\/2022\/01\/IMG_20210224_193033_529-1-scaled-e1657471667272-1070x784.jpg 1070w\" sizes=\"auto, (max-width: 512px) 100vw, 512px\" \/><\/figure>\n<\/div><\/div>\n<\/div>\n<\/div><\/div>\n<\/div>\n<\/div>\n\n\n\n<div class=\"wp-block-columns is-layout-flex wp-container-core-columns-is-layout-9d6595d7 wp-block-columns-is-layout-flex\">\n<div class=\"wp-block-column is-vertically-aligned-top is-layout-flow wp-block-column-is-layout-flow\" style=\"flex-basis:50%\">\n<div class=\"wp-block-group\"><div class=\"wp-block-group__inner-container is-layout-flow wp-block-group-is-layout-flow\"><div class=\"wp-block-image\">\n<figure class=\"aligncenter size-large is-resized\"><img loading=\"lazy\" decoding=\"async\" src=\"https:\/\/auchevrondor.fr\/wp-content\/uploads\/2022\/01\/20200901_103628-1-scaled-e1657468725888-1024x1013.jpg\" alt=\"\" class=\"wp-image-93\" width=\"389\" height=\"386\" srcset=\"https:\/\/auchevrondor.fr\/wp-content\/uploads\/2022\/01\/20200901_103628-1-scaled-e1657468725888-1024x1013.jpg 1024w, https:\/\/auchevrondor.fr\/wp-content\/uploads\/2022\/01\/20200901_103628-1-scaled-e1657468725888-300x297.jpg 300w, https:\/\/auchevrondor.fr\/wp-content\/uploads\/2022\/01\/20200901_103628-1-scaled-e1657468725888-150x150.jpg 150w, https:\/\/auchevrondor.fr\/wp-content\/uploads\/2022\/01\/20200901_103628-1-scaled-e1657468725888-768x760.jpg 768w, https:\/\/auchevrondor.fr\/wp-content\/uploads\/2022\/01\/20200901_103628-1-scaled-e1657468725888-1536x1519.jpg 1536w, https:\/\/auchevrondor.fr\/wp-content\/uploads\/2022\/01\/20200901_103628-1-scaled-e1657468725888-1070x1058.jpg 1070w, https:\/\/auchevrondor.fr\/wp-content\/uploads\/2022\/01\/20200901_103628-1-scaled-e1657468725888.jpg 1766w\" sizes=\"auto, (max-width: 389px) 100vw, 389px\" \/><\/figure>\n<\/div><\/div><\/div>\n<\/div>\n\n\n\n<div class=\"wp-block-column is-vertically-aligned-center is-layout-flow wp-block-column-is-layout-flow\" style=\"flex-basis:50%\">\n<p class=\"has-text-align-left\"><strong>Chiffres<\/strong><\/p>\n\n\n\n<p class=\"has-text-align-left\">Offrez \u00e0 vos proches ou amis un plat, un mug, t\u00eate \u00e0 t\u00eate, vide poche&#8230; avec leurs chiffres et initiales. <\/p>\n\n\n\n<p class=\"has-text-align-left\">A partir de 40\u20ac pour un vide poche. <\/p>\n<\/div>\n<\/div>\n\n\n\n<div class=\"wp-block-columns is-layout-flex wp-container-core-columns-is-layout-9d6595d7 wp-block-columns-is-layout-flex\">\n<div class=\"wp-block-column is-layout-flow wp-block-column-is-layout-flow\" style=\"flex-basis:50%\">\n<p><strong>Religieux<\/strong><\/p>\n\n\n\n<p>Lors des c\u00e9r\u00e9monies religieuses offrez un souvenir aux mamans, filleuls, petits-enfants, parrain, marraine pour marquer ces \u00e9v\u00e9nements uniques. <\/p>\n\n\n\n<p>M\u00e9dailles de berceaux pour les bapt\u00eames, croix et autres souvenirs.  <\/p>\n\n\n\n<p>A partir de 18\u20ac pour une m\u00e9daille. <\/p>\n<\/div>\n\n\n\n<div class=\"wp-block-column is-vertically-aligned-center is-layout-flow wp-block-column-is-layout-flow\" style=\"flex-basis:50%\">\n<figure class=\"wp-block-gallery alignright has-nested-images columns-4 is-cropped wp-block-gallery-1 is-layout-flex wp-block-gallery-is-layout-flex\">\n<figure class=\"wp-block-image size-medium\"><img loading=\"lazy\" decoding=\"async\" width=\"225\" height=\"300\" data-id=\"151\" src=\"https:\/\/auchevrondor.fr\/wp-content\/uploads\/2022\/06\/WhatsApp-Image-2022-06-06-at-16.05.19-225x300.jpeg\" alt=\"\" class=\"wp-image-151\" srcset=\"https:\/\/auchevrondor.fr\/wp-content\/uploads\/2022\/06\/WhatsApp-Image-2022-06-06-at-16.05.19-225x300.jpeg 225w, https:\/\/auchevrondor.fr\/wp-content\/uploads\/2022\/06\/WhatsApp-Image-2022-06-06-at-16.05.19-768x1024.jpeg 768w, https:\/\/auchevrondor.fr\/wp-content\/uploads\/2022\/06\/WhatsApp-Image-2022-06-06-at-16.05.19-1152x1536.jpeg 1152w, https:\/\/auchevrondor.fr\/wp-content\/uploads\/2022\/06\/WhatsApp-Image-2022-06-06-at-16.05.19-1070x1427.jpeg 1070w, https:\/\/auchevrondor.fr\/wp-content\/uploads\/2022\/06\/WhatsApp-Image-2022-06-06-at-16.05.19.jpeg 1200w\" sizes=\"auto, (max-width: 225px) 100vw, 225px\" \/><\/figure>\n\n\n\n<figure class=\"wp-block-image size-medium\"><img loading=\"lazy\" decoding=\"async\" width=\"225\" height=\"300\" data-id=\"150\" src=\"https:\/\/auchevrondor.fr\/wp-content\/uploads\/2022\/06\/WhatsApp-Image-2022-06-06-at-16.05.191-225x300.jpeg\" alt=\"\" class=\"wp-image-150\" srcset=\"https:\/\/auchevrondor.fr\/wp-content\/uploads\/2022\/06\/WhatsApp-Image-2022-06-06-at-16.05.191-225x300.jpeg 225w, https:\/\/auchevrondor.fr\/wp-content\/uploads\/2022\/06\/WhatsApp-Image-2022-06-06-at-16.05.191-768x1024.jpeg 768w, https:\/\/auchevrondor.fr\/wp-content\/uploads\/2022\/06\/WhatsApp-Image-2022-06-06-at-16.05.191-1152x1536.jpeg 1152w, https:\/\/auchevrondor.fr\/wp-content\/uploads\/2022\/06\/WhatsApp-Image-2022-06-06-at-16.05.191-1070x1427.jpeg 1070w, https:\/\/auchevrondor.fr\/wp-content\/uploads\/2022\/06\/WhatsApp-Image-2022-06-06-at-16.05.191.jpeg 1200w\" sizes=\"auto, (max-width: 225px) 100vw, 225px\" \/><\/figure>\n\n\n\n<figure class=\"wp-block-image size-medium\"><img loading=\"lazy\" decoding=\"async\" width=\"225\" height=\"300\" data-id=\"149\" src=\"https:\/\/auchevrondor.fr\/wp-content\/uploads\/2022\/06\/WhatsApp-Image-2022-06-06-at-16.05.20-225x300.jpeg\" alt=\"\" class=\"wp-image-149\" srcset=\"https:\/\/auchevrondor.fr\/wp-content\/uploads\/2022\/06\/WhatsApp-Image-2022-06-06-at-16.05.20-225x300.jpeg 225w, https:\/\/auchevrondor.fr\/wp-content\/uploads\/2022\/06\/WhatsApp-Image-2022-06-06-at-16.05.20-768x1024.jpeg 768w, https:\/\/auchevrondor.fr\/wp-content\/uploads\/2022\/06\/WhatsApp-Image-2022-06-06-at-16.05.20-1152x1536.jpeg 1152w, https:\/\/auchevrondor.fr\/wp-content\/uploads\/2022\/06\/WhatsApp-Image-2022-06-06-at-16.05.20-1070x1427.jpeg 1070w, https:\/\/auchevrondor.fr\/wp-content\/uploads\/2022\/06\/WhatsApp-Image-2022-06-06-at-16.05.20.jpeg 1200w\" sizes=\"auto, (max-width: 225px) 100vw, 225px\" \/><\/figure>\n\n\n\n<figure class=\"wp-block-image size-medium\"><img loading=\"lazy\" decoding=\"async\" width=\"225\" height=\"300\" data-id=\"148\" src=\"https:\/\/auchevrondor.fr\/wp-content\/uploads\/2022\/06\/WhatsApp-Image-2022-06-06-at-16.05.201-225x300.jpeg\" alt=\"\" class=\"wp-image-148\" srcset=\"https:\/\/auchevrondor.fr\/wp-content\/uploads\/2022\/06\/WhatsApp-Image-2022-06-06-at-16.05.201-225x300.jpeg 225w, https:\/\/auchevrondor.fr\/wp-content\/uploads\/2022\/06\/WhatsApp-Image-2022-06-06-at-16.05.201-768x1024.jpeg 768w, https:\/\/auchevrondor.fr\/wp-content\/uploads\/2022\/06\/WhatsApp-Image-2022-06-06-at-16.05.201-1152x1536.jpeg 1152w, https:\/\/auchevrondor.fr\/wp-content\/uploads\/2022\/06\/WhatsApp-Image-2022-06-06-at-16.05.201-1070x1427.jpeg 1070w, https:\/\/auchevrondor.fr\/wp-content\/uploads\/2022\/06\/WhatsApp-Image-2022-06-06-at-16.05.201.jpeg 1200w\" sizes=\"auto, (max-width: 225px) 100vw, 225px\" \/><\/figure>\n<\/figure>\n<\/div>\n<\/div>\n\n\n\n<div class=\"wp-block-columns is-layout-flex wp-container-core-columns-is-layout-9d6595d7 wp-block-columns-is-layout-flex\">\n<div class=\"wp-block-column is-layout-flow wp-block-column-is-layout-flow\" style=\"flex-basis:50%\">\n<div class=\"wp-block-group\"><div class=\"wp-block-group__inner-container is-layout-flow wp-block-group-is-layout-flow\"><div class=\"wp-block-image\">\n<figure class=\"aligncenter size-medium\"><img loading=\"lazy\" decoding=\"async\" width=\"254\" height=\"300\" src=\"https:\/\/auchevrondor.fr\/wp-content\/uploads\/2022\/07\/image-bougeoir-254x300.jpeg\" alt=\"\" class=\"wp-image-374\" srcset=\"https:\/\/auchevrondor.fr\/wp-content\/uploads\/2022\/07\/image-bougeoir-254x300.jpeg 254w, https:\/\/auchevrondor.fr\/wp-content\/uploads\/2022\/07\/image-bougeoir.jpeg 417w\" sizes=\"auto, (max-width: 254px) 100vw, 254px\" \/><\/figure>\n<\/div><\/div><\/div>\n<\/div>\n\n\n\n<div class=\"wp-block-column is-layout-flow wp-block-column-is-layout-flow\" style=\"flex-basis:50%\">\n<p><strong>Bougeoirs<\/strong><\/p>\n\n\n\n<p>Comm\u00e9morez vos c\u00e9r\u00e9monies religieuses avec un bougeoir personnalis\u00e9 avec le texte de votre choix. <\/p>\n\n\n\n<p>A partir de 26\u20ac pour un bougeoir<\/p>\n<\/div>\n<\/div>\n\n\n\n<div class=\"wp-block-columns is-layout-flex wp-container-core-columns-is-layout-9d6595d7 wp-block-columns-is-layout-flex\">\n<div class=\"wp-block-column is-vertically-aligned-center is-layout-flow wp-block-column-is-layout-flow\" style=\"flex-basis:50%\">\n<p><strong>Cadeaux de naissance<\/strong><\/p>\n\n\n\n<p>Et pourquoi ne pas offrir une jolie assiette ou un coquetier peint \u00e0 la main en cadeau de naissance ? <\/p>\n\n\n\n<p>A partir de 20\u20ac pour une petite assiette.<\/p>\n<\/div>\n\n\n\n<div class=\"wp-block-column is-layout-flow wp-block-column-is-layout-flow\" style=\"flex-basis:50%\"><div class=\"wp-block-image\">\n<figure class=\"aligncenter size-medium is-resized\"><img loading=\"lazy\" decoding=\"async\" src=\"https:\/\/auchevrondor.fr\/wp-content\/uploads\/2022\/06\/WhatsApp-Image-2022-06-06-at-16.09.18-e1654525771117-279x300.jpeg\" alt=\"\" class=\"wp-image-163\" width=\"335\" height=\"360\" srcset=\"https:\/\/auchevrondor.fr\/wp-content\/uploads\/2022\/06\/WhatsApp-Image-2022-06-06-at-16.09.18-e1654525771117-279x300.jpeg 279w, https:\/\/auchevrondor.fr\/wp-content\/uploads\/2022\/06\/WhatsApp-Image-2022-06-06-at-16.09.18-e1654525771117-951x1024.jpeg 951w, https:\/\/auchevrondor.fr\/wp-content\/uploads\/2022\/06\/WhatsApp-Image-2022-06-06-at-16.09.18-e1654525771117-768x827.jpeg 768w, https:\/\/auchevrondor.fr\/wp-content\/uploads\/2022\/06\/WhatsApp-Image-2022-06-06-at-16.09.18-e1654525771117-1070x1152.jpeg 1070w, https:\/\/auchevrondor.fr\/wp-content\/uploads\/2022\/06\/WhatsApp-Image-2022-06-06-at-16.09.18-e1654525771117.jpeg 1200w\" sizes=\"auto, (max-width: 335px) 100vw, 335px\" \/><\/figure>\n<\/div><\/div>\n<\/div>\n","protected":false},"excerpt":{"rendered":"<p>\u00ab\u00a0Le Chevron est compos\u00e9 de deux bandes plates, appom\u00e9es par la t\u00eate; il est l&#8217;embl\u00e8me de la protection et de la conservation\u2026 Il est le symbole de la confiance et de la fermet\u00e9; c&rsquo;est pourquoi le chevron est compt\u00e9 parmi les pi\u00e8ces honorables.\u00a0\u00bb Trait\u00e9 historique et moral du blason de J.B. Dupuy Demfortes.1754. Osez le&nbsp;&#8230;<\/p>\n","protected":false},"author":1,"featured_media":0,"parent":0,"menu_order":0,"comment_status":"closed","ping_status":"closed","template":"page-fullwidth-notitle.php","meta":{"footnotes":""},"class_list":["post-206","page","type-page","status-publish","hentry"],"_links":{"self":[{"href":"https:\/\/auchevrondor.fr\/index.php?rest_route=\/wp\/v2\/pages\/206","targetHints":{"allow":["GET"]}}],"collection":[{"href":"https:\/\/auchevrondor.fr\/index.php?rest_route=\/wp\/v2\/pages"}],"about":[{"href":"https:\/\/auchevrondor.fr\/index.php?rest_route=\/wp\/v2\/types\/page"}],"author":[{"embeddable":true,"href":"https:\/\/auchevrondor.fr\/index.php?rest_route=\/wp\/v2\/users\/1"}],"replies":[{"embeddable":true,"href":"https:\/\/auchevrondor.fr\/index.php?rest_route=%2Fwp%2Fv2%2Fcomments&post=206"}],"version-history":[{"count":160,"href":"https:\/\/auchevrondor.fr\/index.php?rest_route=\/wp\/v2\/pages\/206\/revisions"}],"predecessor-version":[{"id":460,"href":"https:\/\/auchevrondor.fr\/index.php?rest_route=\/wp\/v2\/pages\/206\/revisions\/460"}],"wp:attachment":[{"href":"https:\/\/auchevrondor.fr\/index.php?rest_route=%2Fwp%2Fv2%2Fmedia&parent=206"}],"curies":[{"name":"wp","href":"https:\/\/api.w.org\/{rel}","templated":true}]}}